{"id":10083,"date":"2026-03-24T15:45:50","date_gmt":"2026-03-24T15:45:50","guid":{"rendered":"https:\/\/medzioaibe.lt\/?post_type=product&#038;p=10083"},"modified":"2026-03-24T16:23:50","modified_gmt":"2026-03-24T16:23:50","slug":"pakelta-lysve-20-m-x-075-m-x-h-22-cm-naturali-mediena","status":"publish","type":"product","link":"https:\/\/medzioaibe.lt\/index.php\/produktas\/pakelta-lysve-20-m-x-075-m-x-h-22-cm-naturali-mediena\/","title":{"rendered":"Pakelta lysv\u0117  2,0 m x 0,75 m x h 22 cm, nat\u016brali mediena"},"content":{"rendered":"","protected":false},"excerpt":{"rendered":"<p>Matmenys:<br \/>\nIlgis\u00a0 mm:\u00a0 \u00a02000<br \/>\nPlotis mm: 750<br \/>\nAuk\u0161tis mm: 220<br \/>\nMedienos storis mm:\u00a0 21<br \/>\nMedienos r\u016b\u0161is: \u0160iaurin\u0117 egl\u0117<br \/>\nPavir\u0161iaus padengimas: nat\u016brali mediena<\/p>\n<p><strong>Papildoma informacija:\u00a0 \u00a0Gaminame ir pagal individualius u\u017esakymus<\/strong><br \/>\nIlgiai m: 4,0; \u00a03,0; \u00a02,0;\u00a0 \u00a01,5;\u00a0 \u00a01,0<br \/>\nPlotis m:\u00a0 nuo 0,75 iki 1,3<br \/>\nAuk\u0161tis cm: 22;  34 <\/p>\n<p><strong>Produkto u\u017esakymas:<\/strong><\/p>\n","protected":false},"featured_media":10085,"template":"","meta":[],"product_brand":[],"product_cat":[89],"product_tag":[],"class_list":{"0":"post-10083","1":"product","2":"type-product","3":"status-publish","4":"has-post-thumbnail","6":"product_cat-medienos-dirbiniai","8":"first","9":"instock","10":"shipping-taxable","11":"product-type-simple"},"_links":{"self":[{"href":"https:\/\/medzioaibe.lt\/index.php\/wp-json\/wp\/v2\/product\/10083"}],"collection":[{"href":"https:\/\/medzioaibe.lt\/index.php\/wp-json\/wp\/v2\/product"}],"about":[{"href":"https:\/\/medzioaibe.lt\/index.php\/wp-json\/wp\/v2\/types\/product"}],"wp:featuredmedia":[{"embeddable":true,"href":"https:\/\/medzioaibe.lt\/index.php\/wp-json\/wp\/v2\/media\/10085"}],"wp:attachment":[{"href":"https:\/\/medzioaibe.lt\/index.php\/wp-json\/wp\/v2\/media?parent=10083"}],"wp:term":[{"taxonomy":"product_brand","embeddable":true,"href":"https:\/\/medzioaibe.lt\/index.php\/wp-json\/wp\/v2\/product_brand?post=10083"},{"taxonomy":"product_cat","embeddable":true,"href":"https:\/\/medzioaibe.lt\/index.php\/wp-json\/wp\/v2\/product_cat?post=10083"},{"taxonomy":"product_tag","embeddable":true,"href":"https:\/\/medzioaibe.lt\/index.php\/wp-json\/wp\/v2\/product_tag?post=10083"}],"curies":[{"name":"wp","href":"https:\/\/api.w.org\/{rel}","templated":true}]}}